{"version":"1.0","provider_name":"Plaza de Toros La Malagueta","provider_url":"https:\/\/plazadetoroslamalagueta.com\/fr\/","author_name":"FABIENNE MERIC","author_url":"https:\/\/plazadetoroslamalagueta.com\/fr\/author\/fabienne\/","title":"Journ\u00e9e culturelle et taurine autour de Picasso - Plaza de Toros La Malagueta","type":"rich","width":600,"height":338,"html":"<blockquote class=\"wp-embedded-content\" data-secret=\"ew6Nhf3I4e\"><a href=\"https:\/\/plazadetoroslamalagueta.com\/fr\/journee-culturelle-et-taurine-autour-de-picasso\/\">Journ\u00e9e culturelle et taurine autour de Picasso<\/a><\/blockquote><iframe sandbox=\"allow-scripts\" security=\"restricted\" src=\"https:\/\/plazadetoroslamalagueta.com\/fr\/journee-culturelle-et-taurine-autour-de-picasso\/embed\/#?secret=ew6Nhf3I4e\" width=\"600\" height=\"338\" title=\"\u00ab\u00a0Journ\u00e9e culturelle et taurine autour de Picasso\u00a0\u00bb &#8212; Plaza de Toros La Malagueta\" data-secret=\"ew6Nhf3I4e\" frameborder=\"0\" marginwidth=\"0\" marginheight=\"0\" scrolling=\"no\" class=\"wp-embedded-content\"><\/iframe><script>\n\/*! This file is auto-generated *\/\n!function(d,l){\"use strict\";l.querySelector&&d.addEventListener&&\"undefined\"!=typeof URL&&(d.wp=d.wp||{},d.wp.receiveEmbedMessage||(d.wp.receiveEmbedMessage=function(e){var t=e.data;if((t||t.secret||t.message||t.value)&&!\/[^a-zA-Z0-9]\/.test(t.secret)){for(var s,r,n,a=l.querySelectorAll('iframe[data-secret=\"'+t.secret+'\"]'),o=l.querySelectorAll('blockquote[data-secret=\"'+t.secret+'\"]'),c=new RegExp(\"^https?:$\",\"i\"),i=0;i<o.length;i++)o[i].style.display=\"none\";for(i=0;i<a.length;i++)s=a[i],e.source===s.contentWindow&&(s.removeAttribute(\"style\"),\"height\"===t.message?(1e3<(r=parseInt(t.value,10))?r=1e3:~~r<200&&(r=200),s.height=r):\"link\"===t.message&&(r=new URL(s.getAttribute(\"src\")),n=new URL(t.value),c.test(n.protocol))&&n.host===r.host&&l.activeElement===s&&(d.top.location.href=t.value))}},d.addEventListener(\"message\",d.wp.receiveEmbedMessage,!1),l.addEventListener(\"DOMContentLoaded\",function(){for(var e,t,s=l.querySelectorAll(\"iframe.wp-embedded-content\"),r=0;r<s.length;r++)(t=(e=s[r]).getAttribute(\"data-secret\"))||(t=Math.random().toString(36).substring(2,12),e.src+=\"#?secret=\"+t,e.setAttribute(\"data-secret\",t)),e.contentWindow.postMessage({message:\"ready\",secret:t},\"*\")},!1)))}(window,document);\n\/\/# sourceURL=https:\/\/plazadetoroslamalagueta.com\/wp-includes\/js\/wp-embed.min.js\n<\/script>\n","thumbnail_url":"https:\/\/plazadetoroslamalagueta.com\/wp-content\/uploads\/2018\/07\/lances-futuro-recuerda-picasso-malagueta-mas-pequenos_98.webp","thumbnail_width":1900,"thumbnail_height":1069,"description":"&#13; Jornada Cultural y de Toreo de sal\u00f3n alrededor de Picasso &#13; L&rsquo;entreprise Lances de Futuro organise pour le samedi 11 mars une activit\u00e9 culturelle pour les enfants et les familles \u00e0 La Malagueta autour de la figure de Picasso et de la tauromachie \u00e0 l&rsquo;occasion du 50e anniversaire de sa mort et de la..."}

Journée culturelle et taurine autour de Picasso - Plaza de Toros La Malagueta

<blockquote class="wp-embedded-content" data-secret="ew6Nhf3I4e"><a href="https://plazadetoroslamalagueta.com/fr/journee-culturelle-et-taurine-autour-de-picasso/">Journée culturelle et taurine autour de Picasso</a></blockquote><iframe sandbox="allow-scripts" security="restricted" src="https://plazadetoroslamalagueta.com/fr/journee-culturelle-et-taurine-autour-de-picasso/embed/#?secret=ew6Nhf3I4e" width="600" height="338" title="« Journée culturelle et taurine autour de Picasso » &#8212; Plaza de Toros La Malagueta" data-secret="ew6Nhf3I4e" frameborder="0" marginwidth="0" marginheight="0" scrolling="no" class="wp-embedded-content"></iframe><script>
/*! This file is auto-generated */
!function(d,l){"use strict";l.querySelector&&d.addEventListener&&"undefined"!=typeof URL&&(d.wp=d.wp||{},d.wp.receiveEmbedMessage||(d.wp.receiveEmbedMessage=function(e){var t=e.data;if((t||t.secret||t.message||t.value)&&!/[^a-zA-Z0-9]/.test(t.secret)){for(var s,r,n,a=l.querySelectorAll('iframe[data-secret="'+t.secret+'"]'),o=l.querySelectorAll('blockquote[data-secret="'+t.secret+'"]'),c=new RegExp("^https?:$","i"),i=0;i<o.length;i++)o[i].style.display="none";for(i=0;i<a.length;i++)s=a[i],e.source===s.contentWindow&&(s.removeAttribute("style"),"height"===t.message?(1e3<(r=parseInt(t.value,10))?r=1e3:~~r<200&&(r=200),s.height=r):"link"===t.message&&(r=new URL(s.getAttribute("src")),n=new URL(t.value),c.test(n.protocol))&&n.host===r.host&&l.activeElement===s&&(d.top.location.href=t.value))}},d.addEventListener("message",d.wp.receiveEmbedMessage,!1),l.addEventListener("DOMContentLoaded",function(){for(var e,t,s=l.querySelectorAll("iframe.wp-embedded-content"),r=0;r<s.length;r++)(t=(e=s[r]).getAttribute("data-secret"))||(t=Math.random().toString(36).substring(2,12),e.src+="#?secret="+t,e.setAttribute("data-secret",t)),e.contentWindow.postMessage({message:"ready",secret:t},"*")},!1)))}(window,document);
//# sourceURL=https://plazadetoroslamalagueta.com/wp-includes/js/wp-embed.min.js
</script>

&#13; Jornada Cultural y de Toreo de salón alrededor de Picasso &#13; L&rsquo;entreprise Lances de Futuro organise pour le samedi 11 mars une activité culturelle pour les enfants et les familles à La Malagueta autour de la figure de Picasso et de la tauromachie à l&rsquo;occasion du 50e anniversaire de sa mort et de la...
